 is divided by 11?
3
Suppose 3*v = 177 - 60. What is the remainder when v is divided by 46/23 - (-1 - 5 - 2)?
9
Let m = 5707 - 5624. Calculate the remainder when 145 is divided by m.
62
Let f(b) = -b**3 + b**2 + b + 147. Let r(t) = -2*t**2 - 43*t - 57. Let q be r(-20). Calculate the remainder when f(0) is divided by 29/(-29)*(q*20)/(-2).
27
Let z(f) = -10*f + 279. Let l be z(28). Let m(y) = 3*y + 12. What is the remainder when 68 is divided by m(l)?
5
Let g(b) = 6*b - 3*b - 2*b**2 - 4 + 3 + 0. Let x be g(3). What is the remainder when 52 is divided by (-2 + x/(-4))*28?
10
Suppose -3*t + 172 + 68 = -m, t = -2*m - 466. What is the remainder when 111 is divided by 4/18 - 6500/m?
27
Let d(v) = 12*v - 131. Let t(p) = 22*p - 2. Let u be t(4). Let g = -39 + u. What is the remainder when g is divided by d(13)?
22
Suppose 0*o = 3*o - 51. Let m be (16/44)/(9/99). Suppose 0 = -k - 4*u - 3, o = m*k - u - 39. Calculate the remainder when 36 is divided by k.
10
Let x(t) = 43*t + 143. What is the remainder when x(18) is divided by -3 - ((-2)/14 - 362/14)?
20
Suppose -46*p = -50*p + 312. Let g(k) = 4 - 2*k**2 + 3*k**2 + 3*k**2. Calculate the remainder when p is divided by g(-3).
38
Let h(j) = -8*j - 21. Let c be h(-2). Let u(n) = -2*n**3 - 4*n**2 + 7*n - 5. Calculate the remainder when u(c) is divided by (34 - -3)/(-3 - -2 - -2).
36
Suppose -3*a + 4*h + 12 + 4 = 0, a + 2*h = -8. Let k(f) = f**2 + 12. Calculate the remainder when 15 is divided by k(a).
3
What is the remainder when 7 - 8 - -430 - -6 is divided by 109?
108
Let b be 633/4 + (-1)/4. Suppose -2*m + 8 + 58 = -2*p, -b = -5*m - 2*p. Suppose 14*q + m = 18*q. Calculate the remainder when 11 is divided by q.
3
Let g(u) = 2*u**2 - 3*u - 8. Let w = 144 - 146. What is the remainder when 130 is divided by g(w)?
4
Suppose 0 = 21*z - 132 + 27. Let c = -7 - -15. What is the remainder when c is divided by z?
3
Suppose 3*t - 22 = -2*s, -4*t + 17 = -6*t + 5*s. Suppose t*g = -5*l + 84, 5*l + g - 81 = -0*l. What is the remainder when l is divided by 10?
6
Let x(p) = -35*p + 96. Let z(g) = 2*g + 2. Let s(l) = -x(l) + z(l). What is the remainder when 65 is divided by s(3)?
14
Let g = 176 + -171. Suppose 5*t + 280 = g*f, 6*t = 4*f + 3*t - 227. What is the remainder when 174 is divided by f?
56
Let x(w) = 14*w**3 - w. Let g be x(1). Let r = 58 - g. Let s(c) = c**3 - 8*c**2 + 20*c - 2. What is the remainder when r is divided by s(5)?
22
Let a = 82 - -41. Calculate the remainder when 248 is divided by a.
2
Suppose -16*g + 11*g - 15 = 0, 3*g = -5*j + 16. What is the remainder when 255 is divided by j?
0
Suppose -5*m + 706 = 3*t, -m + 104 = -3*t - 12. What is the remainder when 582 is divided by m?
34
Suppose 3*j - 54 - 96 = d, 60 = j + 3*d. Calculate the remainder when (-5 + 1)*(-199)/4 is divided by j.
46
Let g = 6434 + -6183. Calculate the remainder when 762 is divided by g.
9
Suppose 613*w - 3*u + 1303 = 617*w, 0 = 3*w - 5*u - 999. Calculate the remainder when 994 is divided by w.
10
Suppose 6652 = 115*c - 363. What is the remainder when 440 is divided by c?
13
Let r(p) = -p**3 + 7*p**2 - p + 3. Suppose 5*n + 146*y - 478 = 143*y, -3*y = -2*n + 166. What is the remainder when n is divided by r(4)?
45
Suppose 0 = 6*l + 9*l - 90. Suppose -10 - 38 = -l*r. Calculate the remainder when 181 is divided by r.
5
Suppose -4*l + 36 = 2*p + l, 2*p = 4*l. Suppose 0 = -5*s - 3*f + 28 + 33, 7 = s - 2*f. Suppose 19 = -s*r + 107. What is the remainder when p is divided by r?
0
Suppose 10071 = 22*t + 3317. What is the remainder when 921 is divided by t?
0
Let f(s) = -9*s**3 - 33*s**2 - 111*s - 7. What is the remainder when f(-4) is divided by 15?
5
Suppose -2*i + 140 = 2*i. Suppose -8*d - i = -13*d. Suppose 4*k = -16, -p - 8 = d*k - 3*k. Calculate the remainder when p is divided by 3.
2
Let i(a) = -2*a**2 - 16*a + 2. Let n be i(-8). Suppose 4*s = v + 7065, 0*s = s - v - 1764. What is the remainder when 53 is divided by n/5 + s/95?
15
Suppose 496 = -2*w + 948. What is the remainder when w is divided by 115?
111
Let d(w) = 159*w + 16561. Calculate the remainder when d(-104) is divided by 246/12 - (-2)/(-4).
5
Let i = 34358 + -32595. What is the remainder when i is divided by 148?
135
Suppose 0 = -5*q + k - 210, -3*q + 46 = -4*q + k. Let x = q + 39. Calculate the remainder when 45 - (-2 - -2) - (-2 - x) is divided by 24.
21
Let d(i) = i**2 - 2*i - 5. Suppose -4*j + 49 = -51. Let g = j + -12. What is the remainder when d(8) is divided by g?
4
Let v = 28103 - 28065. Calculate the remainder when 677 is divided by v.
31
Suppose 294 = 3*d + 2*i, 102 = -181*d + 182*d + 2*i. Suppose -2*w + m + 62 = -41, 4*m + 12 = 0. Calculate the remainder when d is divided by w.
46
Suppose -4*m + 1278 = 2*v, 4*m - 3*v - 796 = 507. Calculate the remainder when m is divided by 88.
58
Suppose 140 + 5 = t - 5*r, -3*r + 225 = 2*t. Suppose 0 = -92*h + 97*h - t. Calculate the remainder when 166 is divided by h.
22
Suppose 7*n - 9*n = -14. Let q(b) = 65*b - 427. Calculate the remainder when q(8) is divided by n.
2
Let b(z) = 3*z**2 - 194*z + 163. Calculate the remainder when b(-36) is divided by 62.
61
Suppose -4*u + 2183 = v, -2*u - 1636 = -5*u - v. Suppose 4*i = -a + 226, -20*a + 23*a = 2*i - 92. Calculate the remainder when u is divided by i.
52
Calculate the remainder when 573 is divided by 6/(-432)*9*-664.
75
Suppose 0*v - 24*v + 312 = 0. Suppose 5*h + 9*j - 103 = v*j, 2*h - 3*j = 44. What is the remainder when 132 is divided by h?
18
Let x be 659/8 - 27/72. Suppose 3*h = v - x, 5*v + 2*h = v + 384. Let w(n) = -2*n - 20. Calculate the remainder when v is divided by w(-16).
10
Suppose 4*c = -t + 72, -24*c = 4*t - 23*c - 378. Calculate the remainder when 188 is divided by t.
92
Let m(d) = -2039*d + 12257. What is the remainder when 2549 is divided by m(6)?
19
Let d(s) = -9*s + 133. What is the remainder when 203 is divided by d(13)?
11
Let o(k) = -1291*k + 405397. Let d(b) = 38*b**2. What is the remainder when d(-3) is divided by o(314)?
20
Suppose -2*k + 35 = -h + 60, -4*k - 55 = -3*h. Suppose 0*u + 120 = 5*u. Calculate the remainder when u is divided by h.
4
Calculate the remainder when ((1518/99)/23)/((-2)/(-747) - 0) is divided by 72.
33
Suppose -t = 4*h - 10 - 20, -167 = -5*t - 3*h. Calculate the remainder when 166 is divided by t.
30
Suppose c = -o - 7 + 8, 4*o = -c + 16. Suppose o*q - 101 - 224 = 0. What is the remainder when q is divided by 27?
11
Let h(j) = j**2 - 4*j - 9. Calculate the remainder when (-209456)/(-4992) - (-2)/48 is divided by h(7).
6
What is the remainder when ((-16)/(-14))/(-20 - (-919446)/45969) is divided by 29?
13
Let n = 6862 - 6807. Calculate the remainder when 61 is divided by n.
6
Let p(a) = a**2 - 6*a - 3. Let m be p(6). Let b(i) = -46*i - 45. Calculate the remainder when b(m) is divided by 50.
43
Let u be (110/4)/((-1)/(-2)). Suppose -2*y + 68 = 4*p, 3*p = -3*y + u + 47. What is the remainder when y is divided by (30/6 - -4)/(1 + 0)?
7
What is the remainder when 2807 is divided by 29 + (-15 - -1) + 186?
194
Let g = -366 + 384. Let c = -15 - -20. Calculate the remainder when g is divided by c.
3
What is the remainder when (6 + (-1 - 7) + 187)/(3/6) is divided by 127?
116
Calculate the remainder when 613 is divided by (6*(-74)/333)/((8/1422)/(-1)).
139
Suppose 220*o - 233*o - 15 = -392. Let d(z) = z**2 + 6*z + 8. What is the remainder when o is divided by d(-6)?
5
Suppose -3*y = -55 - 2 - 84. Calculate the remainder when 577 is divided by y.
13
Suppose 44*t - 177*t = 102*t - 8695. What is the remainder when 87 is divided by t?
13
Let x = -4 - -54. Let f be -201 + 0 + 0/2 - 1. Let l = -189 - f. What is the remainder when x is divided by l?
11
Suppose -2*q - 5*t + 297 = -2*t, 4*t + 12 = 0. Let a = q + -131. Calculate the remainder when a is divided by 12.
10
Suppose -2*y + 2736 = 150*y. What is the remainder when 8171 is divided by y?
17
Let m(j) = 2*j + 26. Let c = -103 + 92. Let g be m(c). Suppose -g*i - 289 = -813. Calculate the remainder when i is divided by 33.
32
Suppose l - 21 = -7. Let n(v) = 9*v - 101. What is the remainder when (-3)/(-3) + -2 + 100 is divided by n(l)?
24
Suppose -4*t + 194 = 6*n - 5*n, n = t - 51. Let h = 409 - 218. What is the remainder when h is divided by t?
44
Let r = 13948 + -12884. What is the remai